 = -70 + 131. What are the prime factors of 6/(2 - 5) + s?
59
Suppose 0 = -x - 457 + 1240. List the prime factors of x.
3, 29
Let x(q) = 8*q**2 - 3*q - 1. Suppose -2*r = -5*b - 31, -3*r + 1 = 4*b + 12. Let i be x(r). Suppose 0 = -0*y - 2*y + i. List the prime factors of y.
31
Let y = -16 + 19. Suppose 3*m + y*k - 24 = 0, 2*m + 0*m - 4 = k. What are the prime factors of -1 + m + (32 - 7)?
2, 7
Suppose 5*a - 5*l + l + 11 = 0, -a + 2*l - 7 = 0. Let i(q) = 2*q**3 - q**2 + 2*q - 1. Let c be i(a). List the prime factors of (-1)/(c/(-46)*1).
23
Suppose 0 = -3*v + 9, 25394 = 5*x - 2*v. List the prime factors of x.
2, 5, 127
Suppose -5*t - 3*y = -1280, t = -4*t - y + 1270. What are the prime factors of t?
11, 23
List the prime factors of 10605/12 - 8/(-160)*5.
2, 13, 17
Let z = 180 - 108. Suppose 5*s = -2*g + 134, -5*g + 298 = -5*s - z. What are the prime factors of g?
2, 3
Suppose 18*n - 978 = 714. List the prime factors of n.
2, 47
Let f = 53 - 50. Suppose f*p - 332 = 289. List the prime factors of p.
3, 23
Suppose -17*h = -195 - 9. List the prime factors of h.
2, 3
What are the prime factors of 270 - (-5 - (-8 + 5))?
2, 17
Suppose -3*t + 165 + 0 = 0. Let c = 36 - 71. Let o = c + t. What are the prime factors of o?
2, 5
Suppose 22*x - 434658 = -57*x. What are the prime factors of x?
2, 3, 7, 131
Let i(x) = x**3 - 6*x**2 - 6*x. Let l be i(7). Let f = -8 + l. Let y(v) = -24*v - 1. What are the prime factors of y(f)?
23
Let x(p) = p**3 + 9*p**2 + 9*p + 6. Suppose 5*d = 47 - 187. Let m = d - -21. What are the prime factors of x(m)?
41
Let f(z) = 2*z - 3. Let a(b) = 2*b - 4. Let d be a(7). Let u be f(d). Let r = 30 - u. What are the prime factors of r?
13
Suppose -8*m + 296 = -6*m. List the prime factors of m.
2, 37
Suppose z + 4*f = -7 + 91, 4*z = -3*f + 284. Suppose 6*n - z - 118 = 0. What are the prime factors of n?
31
Let f(l) = 2*l**2 - 8*l - 6. Let d be f(7). Suppose -r = -5*r - d. Let g(n) = n**3 + 10*n**2 + 5*n + 7. List the prime factors of g(r).
43
Let z = 19 + -16. What are the prime factors of (1/z)/((-7)/(-357))?
17
Let y = -89 + 69. List the prime factors of (-30)/y*(-544)/(-3).
2, 17
Let b = 1394 - 1028. List the prime factors of b.
2, 3, 61
Let m(s) = s**2 - 2*s + 4. Let x be m(0). Suppose 0*g - x*g + 12 = 0. Suppose -g*q = -8*q + 60. What are the prime factors of q?
2, 3
Let u(m) = -13*m**2 + 17*m + 40. Let s(q) = -7*q**2 + 9*q + 20. Let z(j) = 11*s(j) - 6*u(j). What are the prime factors of z(-9)?
2, 11
Suppose 0 = 3*q + 7 + 11. Let t be (-2)/3 - (-182)/q. List the prime factors of -1*(3 + -1 + t).
29
Let v(r) = 52*r**3 - 6*r**2 - 6*r + 4. What are the prime factors of v(4)?
2, 11, 73
Suppose -4*n + 36 = -10*n. Let k be ((n + 3)*-1)/(-1). What are the prime factors of (-15)/(-5) + (k - -62)?
2, 31
Let w be (104 - -14) + 3/(-1). Suppose 0 = 3*s + w - 760. List the prime factors of s.
5, 43
Suppose -2*v + 13 - 9 = 0. Suppose v*o = 5*o - 279. What are the prime factors of o?
3, 31
Suppose 4*m - 416 = 4*u + 708, 0 = 5*u + 25. What are the prime factors of m?
2, 3, 23
Let n be 6/15*(5 - 0). Let c(j) = n*j**2 + 8*j - 4*j - 2*j - j**3. What are the prime factors of c(2)?
2
What are the prime factors of (-101676)/(-39) - 6/78?
3, 11, 79
Let a(m) = -17*m + 6. Let n(q) = 28*q - 11. Let c(t) = 5*a(t) + 3*n(t). Let j be 2/(-4) - (-21)/(-2). What are the prime factors of c(j)?
2
Let r(u) = u**3 + u**2 - u - 1. Let d be r(0). Let z be d/(21/(-18))*7. Let n(t) = t**3 - 5*t**2 - 6*t + 9. What are the prime factors of n(z)?
3
List the prime factors of 4/(-14) + (12 - (-16200)/56).
7, 43
Let c = -11 + 20. Suppose -c*r = -21*r + 708. What are the prime factors of r?
59
Let y be ((-2 - -5) + -4)*-3. Suppose -y*m + 0*p = 4*p - 522, -p + 348 = 2*m. List the prime factors of (-6)/9*m/(-4).
29
Let b be (-178)/(-6)*60/20. Let a = 129 - b. What are the prime factors of a?
2, 5
Let l = 279 - 146. List the prime factors of l.
7, 19
Let z(i) = -7*i - 6. Let j(f) = -f - 1. Let m(h) = -5*j(h) + z(h). List the prime factors of m(-3).
5
Suppose 3*k = -3*v + 42, 32 = 2*k + 4*v - 0*v. Let q = -24 + k. List the prime factors of ((-14)/(-3))/((-4)/q).
2, 7
Let d(l) = -l**3 - 5*l**2 - 3*l + 4. Let c be d(-3). Suppose -3*q + 630 = -3*m, -5*m - 7*q - 1005 = -3*q. What are the prime factors of (-1 - -2) + m/c?
2, 3, 7
Let r = 74 - -166. List the prime factors of r.
2, 3, 5
Let m be (2/2)/(2/22). Suppose 7*v - m*v = -552. List the prime factors of v.
2, 3, 23
Let w = 4 + -4. Suppose 4*t + w*t = 32. List the prime factors of (-12)/t*2 - -12.
3
Suppose -5*x + 70 = -5*q, -9*x + 70 = -5*q - 12*x. What are the prime factors of 1/(21/5076) - 4/q?
2, 11
Suppose -o + 100 = 2*r, -144 + 32 = -2*r - 4*o. What are the prime factors of 392/6 - 16/r?
5, 13
Let q(d) = -364*d - 493. What are the prime factors of q(-8)?
41, 59
Let c be 267/21 - (-12)/42. Let r = -29 - c. What are the prime factors of 500/14 - 12/r?
2, 3
Suppose -o = 3*o - 468. Suppose -2*v = -17 - o. List the prime factors of v.
67
Suppose 1836 - 606 = 3*q. List the prime factors of q.
2, 5, 41
Suppose -5*g + 423 = -5*h + 6*h, 1218 = 3*h - 2*g. What are the prime factors of h?
2, 3, 17
Let q(o) = -o**3 + 7*o**2 + 33*o - 73. List the prime factors of q(8).
127
Let h(m) = 3*m + 16. Let l be h(-4). Suppose 44 = l*n - 2*n. What are the prime factors of n?
2, 11
Let b = -309 + 813. Suppose 8*y - 120 = b. What are the prime factors of y?
2, 3, 13
Let w(v) = v**3 - 3*v**2 - 4*v - 1. Let y be w(-3). Let u = y + 81. Let q = 65 - u. What are the prime factors of q?
3
Suppose -3*z = 5*x + 38, -3*x = -3*z - x - 31. Let d = z - -11. Suppose 2*l - 4*h = l + 43, d = -5*l + 2*h + 143. List the prime factors of l.
3
Suppose -25 - 5 = 5*o. What are the prime factors of o/(-14) + 352/28?
13
Suppose 15 = -m - 0*m. Let x = -11 - m. Suppose 0 = -x*d + 303 - 63. What are the prime factors of d?
2, 3, 5
Let l be 3 + 15/6*-2. What are the prime factors of 3 + l - (-128 + -6)?
3, 5
Let v = 659 - 469. Let w(x) = -2*x**2 - 14*x + 16. Let z be w(-7). What are the prime factors of 4/z + v/8?
2, 3
Let c(r) = 4*r**2 + 4 - 3*r + 2*r**2 + 1 - 2*r**2. List the prime factors of c(4).
3, 19
Let i(b) = -b**2 + 11*b + 7. Suppose -2*g - 3 = g. Let r be (1*-1)/(g/9). What are the prime factors of i(r)?
5
Suppose 76*o - 73*o = 693. What are the prime factors of o?
3, 7, 11
Let f = 25 - 11. What are the prime factors of f + -12 - -1*59?
61
Suppose 90*y + 4 = 86*y, -f - 4*y = -395. List the prime factors of f.
3, 7, 19
Let a be (-1)/((-63)/(-98) - (-1)/(-2)). Suppose -3*n - 43 = -13. Let j = a - n. What are the prime factors of j?
3
Suppose -174 = 9*d - 12. What are the prime factors of (-988)/(-12) - 12/d?
83
Let v = 388 + 442. Suppose v = 3*y + 128. What are the prime factors of y?
2, 3, 13
Let a(i) = -26*i**3 + 3*i**2 - 14*i - 17. List the prime factors of a(-4).
17, 103
Let g(a) = a**2 + 2. Let l be (-9)/6 - 6/(-4). Let p be g(l). Suppose -4*o + 76 = -m - 14, 5*o + p*m - 119 = 0. What are the prime factors of o?
23
Let i(w) = w**2 + 8*w + 864. Let v be i(0). Let u = -566 + v. What are the prime factors of u?
2, 149
Suppose 0 = a - k - 1, 4*a + 4*k = 17 + 19. Suppose -3*r - 2*o - 14 = 0, 2*r - 18 = a*r + 3*o. What are the prime factors of -3 + 29 + (-3 - r)?
5
Let a = -50 - -64. Let h = 80 + a. List the prime factors of h.
2, 47
Suppose 0 = -6*i - 19*i + 53900. List the prime factors of i.
2, 7, 11
Let f(n) = -9*n + 5. Let d be f(4). Let k(r) = 2*r**3 - 3*r**2 + 6*r - 2. Let q be k(3). Let l = d + q. List the prime factors of l.
2, 3
Suppose 32 + 22 = -x. Let m be x*7/(21/(-6)). Suppose -5*u + 7 = -m. What are the prime factors of u?
23
Suppose 0 = -4*r + 880 + 220. List the prime factors of r.
5, 11
Suppose z = -5*a + 429, -6*z + 2*a = -z - 2037. What are the prime factors of z?
409
Let g(j) = j**3 - 5*j**2 + 3*j + 9. Let d be g(4). Suppose 0 = -x + d*c + 44, 175 = 5*x - 5*c + 15. What are the prime factors of x?
29
List the prime factors of (((-20682)/(-4))/(-9))/((-12)/8).
383
Let a = -3 + -17. Let p = 77 + a. Suppose p = 2*g + g. List the prime factors of g.
19
Suppose 6*h = 668 + 3694. List the prime factors of h.
727
Let w = 6357 - 3911. What are the prime factors of w?
2, 1223
What are the prime factors of (2622/(-152))/((-6)/160)?
2, 5, 23
Suppose -10 = 5*